{"id":860,"date":"2024-05-05T09:23:14","date_gmt":"2024-05-05T06:30:23","guid":{"rendered":"https:\/\/billigpakke.no\/blog\/hvor-lang-tid-tar-det-a-sende-pakker-til-canada\/"},"modified":"2024-05-05T09:23:14","modified_gmt":"2024-05-05T08:23:14","slug":"hvor-lang-tid-tar-det-a-sende-pakker-til-canada","status":"publish","type":"page","link":"https:\/\/billigpakke.no\/blog\/hvor-lang-tid-tar-det-a-sende-pakker-til-canada\/","title":{"rendered":"hvor lang tid tar det \u00e5 sende pakker til canada?"},"content":{"rendered":"\n<p class=\"has-text-align-center\">Det tar vanligvis mellom 5-10 virkedager \u00e5 sende pakker til Canada, avhengig av hvilken fraktmetode og leverand\u00f8r du velger. Noen ganger kan det ta lengre tid p\u00e5 grunn av tollbehandling og andre forsinkelser. Det er viktig \u00e5 sjekke med fraktleverand\u00f8ren for n\u00f8yaktig leveringstid.<\/p>\n\n\n\n<div class=\"wp-block-buttons is-content-justification-center is-layout-flex wp-container-core-buttons-is-layout-16018d1d wp-block-buttons-is-layout-flex\">\n<div class=\"wp-block-button is-style-outline is-style-outline--1\"><a class=\"wp-block-button__link has-dark-gray-color has-yellow-background-color has-text-color has-background has-link-color wp-element-button\" href=\"https:\/\/billigpakke.no\">send pakkene dine billig her<\/a><\/div>\n<\/div>\n\n\n\n<p><\/p>\n\n\n\n<p class=\"has-text-align-center\">1. Hvor lang tid tar det vanligvis \u00e5 sende en pakke fra Norge til Canada?<br \/>Svar: Det tar vanligvis mellom 5-10 virkedager \u00e5 sende en pakke fra Norge til Canada, avhengig av fraktmetode og destinasjon.<br \/><br \/>2. Hvilke fraktmetoder er tilgjengelige for \u00e5 sende pakker til Canada fra Norge?<br \/>Svar: De vanligste fraktmetodene for \u00e5 sende pakker til Canada fra Norge er luftfrakt og sj\u00f8frakt. Luftfrakt er raskere, men dyrere, mens sj\u00f8frakt tar lengre tid, men kan v\u00e6re mer kostnadseffektivt for st\u00f8rre pakker.<br \/><br \/>3. Hva er de vanligste toll- og avgiftsreglene for \u00e5 sende pakker til Canada fra Norge?<br \/>Svar: N\u00e5r du sender en pakke til Canada fra Norge, m\u00e5 du v\u00e6re oppmerksom p\u00e5 at mottakeren kan v\u00e6re ansvarlig for \u00e5 betale toll, avgifter og eventuelle importrestriksjoner som gjelder for varene som sendes. Det er viktig \u00e5 sjekke de aktuelle toll- og avgiftsreglene f\u00f8r du sender pakken for \u00e5 unng\u00e5 uventede kostnader for mottakeren.<\/p>\n","protected":false},"excerpt":{"rendered":"<p>Det tar vanligvis mellom 5-10 virkedager \u00e5 sende pakker til Canada, avhengig av hvilken fraktmetode og leverand\u00f8r du velger. Noen ganger kan det ta lengre tid p\u00e5 grunn av tollbehandling og andre forsinkelser. Det er viktig \u00e5 sjekke med fraktleverand\u00f8ren for n\u00f8yaktig leveringstid. 1. Hvor lang tid tar det vanligvis \u00e5 sende en pakke fra &hellip; <a href=\"https:\/\/billigpakke.no\/blog\/hvor-lang-tid-tar-det-a-sende-pakker-til-canada\/\" class=\"more-link\">Hald fram med \u00e5 lese<span class=\"screen-reader-text\"> \u00abhvor lang tid tar det \u00e5 sende pakker til canada?\u00bb<\/span><\/a><\/p>\n","protected":false},"author":3,"featured_media":0,"parent":0,"menu_order":0,"comment_status":"closed","ping_status":"closed","template":"","meta":{"footnotes":""},"class_list":["post-860","page","type-page","status-publish","hentry"],"yoast_head":"<!-- This site is optimized with the Yoast SEO plugin v27.3 - https:\/\/yoast.com\/product\/yoast-seo-wordpress\/ -->\n<title>hvor lang tid tar det \u00e5 sende pakker til canada? - BilligPakke.no<\/title>\n<meta name=\"description\" content=\"Det tar vanligvis mellom 5-10 virkedager \u00e5 sende pakker til Canada, avhengig av fraktmetode og destinasjon. V\u00e6r oppmerksom p\u00e5 toll og andre avgifter.\" \/>\n<meta name=\"robots\" content=\"index, follow, max-snippet:-1, max-image-preview:large, max-video-preview:-1\" \/>\n<link rel=\"canonical\" href=\"https:\/\/billigpakke.no\/blog\/hvor-lang-tid-tar-det-a-sende-pakker-til-canada\/\" \/>\n<meta property=\"og:locale\" content=\"nn_NO\" \/>\n<meta property=\"og:type\" content=\"article\" \/>\n<meta property=\"og:title\" content=\"hvor lang tid tar det \u00e5 sende pakker til canada? - BilligPakke.no\" \/>\n<meta property=\"og:description\" content=\"Det tar vanligvis mellom 5-10 virkedager \u00e5 sende pakker til Canada, avhengig av fraktmetode og destinasjon. V\u00e6r oppmerksom p\u00e5 toll og andre avgifter.\" \/>\n<meta property=\"og:url\" content=\"https:\/\/billigpakke.no\/blog\/hvor-lang-tid-tar-det-a-sende-pakker-til-canada\/\" \/>\n<meta property=\"og:site_name\" content=\"BilligPakke.no\" \/>\n<meta property=\"article:modified_time\" content=\"2024-05-05T08:23:14+00:00\" \/>\n<meta name=\"twitter:card\" content=\"summary_large_image\" \/>\n<meta name=\"twitter:label1\" content=\"Est. reading time\" \/>\n\t<meta name=\"twitter:data1\" content=\"1 minutt\" \/>\n<script type=\"application\/ld+json\" class=\"yoast-schema-graph\">{\"@context\":\"https:\\\/\\\/schema.org\",\"@graph\":[{\"@type\":\"WebPage\",\"@id\":\"https:\\\/\\\/billigpakke.no\\\/blog\\\/hvor-lang-tid-tar-det-a-sende-pakker-til-canada\\\/\",\"url\":\"https:\\\/\\\/billigpakke.no\\\/blog\\\/hvor-lang-tid-tar-det-a-sende-pakker-til-canada\\\/\",\"name\":\"hvor lang tid tar det \u00e5 sende pakker til canada? - BilligPakke.no\",\"isPartOf\":{\"@id\":\"https:\\\/\\\/billigpakke.no\\\/blog\\\/#website\"},\"datePublished\":\"2024-05-05T06:30:23+00:00\",\"dateModified\":\"2024-05-05T08:23:14+00:00\",\"description\":\"Det tar vanligvis mellom 5-10 virkedager \u00e5 sende pakker til Canada, avhengig av fraktmetode og destinasjon. V\u00e6r oppmerksom p\u00e5 toll og andre avgifter.\",\"breadcrumb\":{\"@id\":\"https:\\\/\\\/billigpakke.no\\\/blog\\\/hvor-lang-tid-tar-det-a-sende-pakker-til-canada\\\/#breadcrumb\"},\"inLanguage\":\"nn-NO\",\"potentialAction\":[{\"@type\":\"ReadAction\",\"target\":[\"https:\\\/\\\/billigpakke.no\\\/blog\\\/hvor-lang-tid-tar-det-a-sende-pakker-til-canada\\\/\"]}]},{\"@type\":\"BreadcrumbList\",\"@id\":\"https:\\\/\\\/billigpakke.no\\\/blog\\\/hvor-lang-tid-tar-det-a-sende-pakker-til-canada\\\/#breadcrumb\",\"itemListElement\":[{\"@type\":\"ListItem\",\"position\":1,\"name\":\"Home\",\"item\":\"https:\\\/\\\/billigpakke.no\\\/blog\\\/\"},{\"@type\":\"ListItem\",\"position\":2,\"name\":\"hvor lang tid tar det \u00e5 sende pakker til canada?\"}]},{\"@type\":\"WebSite\",\"@id\":\"https:\\\/\\\/billigpakke.no\\\/blog\\\/#website\",\"url\":\"https:\\\/\\\/billigpakke.no\\\/blog\\\/\",\"name\":\"BilligPakke.no\",\"description\":\"Billigpakke.no Blog\",\"publisher\":{\"@id\":\"https:\\\/\\\/billigpakke.no\\\/blog\\\/#organization\"},\"potentialAction\":[{\"@type\":\"SearchAction\",\"target\":{\"@type\":\"EntryPoint\",\"urlTemplate\":\"https:\\\/\\\/billigpakke.no\\\/blog\\\/?s={search_term_string}\"},\"query-input\":{\"@type\":\"PropertyValueSpecification\",\"valueRequired\":true,\"valueName\":\"search_term_string\"}}],\"inLanguage\":\"nn-NO\"},{\"@type\":\"Organization\",\"@id\":\"https:\\\/\\\/billigpakke.no\\\/blog\\\/#organization\",\"name\":\"BilligPakke.no\",\"url\":\"https:\\\/\\\/billigpakke.no\\\/blog\\\/\",\"logo\":{\"@type\":\"ImageObject\",\"inLanguage\":\"nn-NO\",\"@id\":\"https:\\\/\\\/billigpakke.no\\\/blog\\\/#\\\/schema\\\/logo\\\/image\\\/\",\"url\":\"https:\\\/\\\/billigpakke.no\\\/blog\\\/wp-content\\\/uploads\\\/2016\\\/10\\\/logo.png\",\"contentUrl\":\"https:\\\/\\\/billigpakke.no\\\/blog\\\/wp-content\\\/uploads\\\/2016\\\/10\\\/logo.png\",\"width\":185,\"height\":71,\"caption\":\"BilligPakke.no\"},\"image\":{\"@id\":\"https:\\\/\\\/billigpakke.no\\\/blog\\\/#\\\/schema\\\/logo\\\/image\\\/\"}}]}<\/script>\n<!-- \/ Yoast SEO plugin. -->","yoast_head_json":{"title":"hvor lang tid tar det \u00e5 sende pakker til canada? - BilligPakke.no","description":"Det tar vanligvis mellom 5-10 virkedager \u00e5 sende pakker til Canada, avhengig av fraktmetode og destinasjon. V\u00e6r oppmerksom p\u00e5 toll og andre avgifter.","robots":{"index":"index","follow":"follow","max-snippet":"max-snippet:-1","max-image-preview":"max-image-preview:large","max-video-preview":"max-video-preview:-1"},"canonical":"https:\/\/billigpakke.no\/blog\/hvor-lang-tid-tar-det-a-sende-pakker-til-canada\/","og_locale":"nn_NO","og_type":"article","og_title":"hvor lang tid tar det \u00e5 sende pakker til canada? - BilligPakke.no","og_description":"Det tar vanligvis mellom 5-10 virkedager \u00e5 sende pakker til Canada, avhengig av fraktmetode og destinasjon. V\u00e6r oppmerksom p\u00e5 toll og andre avgifter.","og_url":"https:\/\/billigpakke.no\/blog\/hvor-lang-tid-tar-det-a-sende-pakker-til-canada\/","og_site_name":"BilligPakke.no","article_modified_time":"2024-05-05T08:23:14+00:00","twitter_card":"summary_large_image","twitter_misc":{"Est. reading time":"1 minutt"},"schema":{"@context":"https:\/\/schema.org","@graph":[{"@type":"WebPage","@id":"https:\/\/billigpakke.no\/blog\/hvor-lang-tid-tar-det-a-sende-pakker-til-canada\/","url":"https:\/\/billigpakke.no\/blog\/hvor-lang-tid-tar-det-a-sende-pakker-til-canada\/","name":"hvor lang tid tar det \u00e5 sende pakker til canada? - BilligPakke.no","isPartOf":{"@id":"https:\/\/billigpakke.no\/blog\/#website"},"datePublished":"2024-05-05T06:30:23+00:00","dateModified":"2024-05-05T08:23:14+00:00","description":"Det tar vanligvis mellom 5-10 virkedager \u00e5 sende pakker til Canada, avhengig av fraktmetode og destinasjon. V\u00e6r oppmerksom p\u00e5 toll og andre avgifter.","breadcrumb":{"@id":"https:\/\/billigpakke.no\/blog\/hvor-lang-tid-tar-det-a-sende-pakker-til-canada\/#breadcrumb"},"inLanguage":"nn-NO","potentialAction":[{"@type":"ReadAction","target":["https:\/\/billigpakke.no\/blog\/hvor-lang-tid-tar-det-a-sende-pakker-til-canada\/"]}]},{"@type":"BreadcrumbList","@id":"https:\/\/billigpakke.no\/blog\/hvor-lang-tid-tar-det-a-sende-pakker-til-canada\/#breadcrumb","itemListElement":[{"@type":"ListItem","position":1,"name":"Home","item":"https:\/\/billigpakke.no\/blog\/"},{"@type":"ListItem","position":2,"name":"hvor lang tid tar det \u00e5 sende pakker til canada?"}]},{"@type":"WebSite","@id":"https:\/\/billigpakke.no\/blog\/#website","url":"https:\/\/billigpakke.no\/blog\/","name":"BilligPakke.no","description":"Billigpakke.no Blog","publisher":{"@id":"https:\/\/billigpakke.no\/blog\/#organization"},"potentialAction":[{"@type":"SearchAction","target":{"@type":"EntryPoint","urlTemplate":"https:\/\/billigpakke.no\/blog\/?s={search_term_string}"},"query-input":{"@type":"PropertyValueSpecification","valueRequired":true,"valueName":"search_term_string"}}],"inLanguage":"nn-NO"},{"@type":"Organization","@id":"https:\/\/billigpakke.no\/blog\/#organization","name":"BilligPakke.no","url":"https:\/\/billigpakke.no\/blog\/","logo":{"@type":"ImageObject","inLanguage":"nn-NO","@id":"https:\/\/billigpakke.no\/blog\/#\/schema\/logo\/image\/","url":"https:\/\/billigpakke.no\/blog\/wp-content\/uploads\/2016\/10\/logo.png","contentUrl":"https:\/\/billigpakke.no\/blog\/wp-content\/uploads\/2016\/10\/logo.png","width":185,"height":71,"caption":"BilligPakke.no"},"image":{"@id":"https:\/\/billigpakke.no\/blog\/#\/schema\/logo\/image\/"}}]}},"_links":{"self":[{"href":"https:\/\/billigpakke.no\/blog\/wp-json\/wp\/v2\/pages\/860","targetHints":{"allow":["GET"]}}],"collection":[{"href":"https:\/\/billigpakke.no\/blog\/wp-json\/wp\/v2\/pages"}],"about":[{"href":"https:\/\/billigpakke.no\/blog\/wp-json\/wp\/v2\/types\/page"}],"author":[{"embeddable":true,"href":"https:\/\/billigpakke.no\/blog\/wp-json\/wp\/v2\/users\/3"}],"replies":[{"embeddable":true,"href":"https:\/\/billigpakke.no\/blog\/wp-json\/wp\/v2\/comments?post=860"}],"version-history":[{"count":2,"href":"https:\/\/billigpakke.no\/blog\/wp-json\/wp\/v2\/pages\/860\/revisions"}],"predecessor-version":[{"id":1505,"href":"https:\/\/billigpakke.no\/blog\/wp-json\/wp\/v2\/pages\/860\/revisions\/1505"}],"wp:attachment":[{"href":"https:\/\/billigpakke.no\/blog\/wp-json\/wp\/v2\/media?parent=860"}],"curies":[{"name":"wp","href":"https:\/\/api.w.org\/{rel}","templated":true}]}}