{"id":691,"date":"2024-05-05T09:23:08","date_gmt":"2024-05-05T06:27:20","guid":{"rendered":"https:\/\/billigpakke.no\/blog\/hvor-lenge-holder-posten-pakker\/"},"modified":"2024-05-05T09:23:08","modified_gmt":"2024-05-05T08:23:08","slug":"hvor-lenge-holder-posten-pakker","status":"publish","type":"page","link":"https:\/\/billigpakke.no\/blog\/hvor-lenge-holder-posten-pakker\/","title":{"rendered":"hvor lenge holder posten pakker?"},"content":{"rendered":"\n<p class=\"has-text-align-center\">Posten oppbevarer pakker i 14 dager f\u00f8r de returneres til avsenderen. Det er viktig \u00e5 hente ut pakken s\u00e5 raskt som mulig for \u00e5 unng\u00e5 at den blir returnert.<\/p>\n\n\n\n<div class=\"wp-block-buttons is-content-justification-center is-layout-flex wp-container-core-buttons-is-layout-16018d1d wp-block-buttons-is-layout-flex\">\n<div class=\"wp-block-button is-style-outline is-style-outline--1\"><a class=\"wp-block-button__link has-dark-gray-color has-yellow-background-color has-text-color has-background has-link-color wp-element-button\" href=\"https:\/\/billigpakke.no\">send pakkene dine billig her<\/a><\/div>\n<\/div>\n\n\n\n<p><\/p>\n\n\n\n<p class=\"has-text-align-center\">1. Hvor lenge holder Posten pakker f\u00f8r de blir returnert til avsender?<br \/>Svar: Posten oppbevarer pakker i 14 dager f\u00f8r de blir returnert til avsender.<br \/><br \/>2. Hvor lenge tar det vanligvis \u00e5 f\u00e5 en pakke levert med Posten i Norge?<br \/>Svar: Vanligvis tar det 1-3 virkedager \u00e5 f\u00e5 en pakke levert med Posten i Norge.<br \/><br \/>3. Hvor lenge kan man spore en pakke sendt med Posten i Norge?<br \/>Svar: Man kan spore en pakke sendt med Posten i Norge i opptil 90 dager etter at den ble sendt.<\/p>\n","protected":false},"excerpt":{"rendered":"<p>Posten oppbevarer pakker i 14 dager f\u00f8r de returneres til avsenderen. Det er viktig \u00e5 hente ut pakken s\u00e5 raskt som mulig for \u00e5 unng\u00e5 at den blir returnert. 1. Hvor lenge holder Posten pakker f\u00f8r de blir returnert til avsender?Svar: Posten oppbevarer pakker i 14 dager f\u00f8r de blir returnert til avsender. 2. Hvor &hellip; <a href=\"https:\/\/billigpakke.no\/blog\/hvor-lenge-holder-posten-pakker\/\" class=\"more-link\">Hald fram med \u00e5 lese<span class=\"screen-reader-text\"> \u00abhvor lenge holder posten pakker?\u00bb<\/span><\/a><\/p>\n","protected":false},"author":3,"featured_media":0,"parent":0,"menu_order":0,"comment_status":"closed","ping_status":"closed","template":"","meta":{"footnotes":""},"class_list":["post-691","page","type-page","status-publish","hentry"],"yoast_head":"<!-- This site is optimized with the Yoast SEO plugin v27.5 - https:\/\/yoast.com\/product\/yoast-seo-wordpress\/ -->\n<title>hvor lenge holder posten pakker? - BilligPakke.no<\/title>\n<meta name=\"description\" content=\"Posten pakker kan holde i flere dager, avhengig av innhold og forsendelsesm\u00e5te. Noen pakker kan holde i opptil en uke, mens andre b\u00f8r hentes raskere.\" \/>\n<meta name=\"robots\" content=\"index, follow, max-snippet:-1, max-image-preview:large, max-video-preview:-1\" \/>\n<link rel=\"canonical\" href=\"https:\/\/billigpakke.no\/blog\/hvor-lenge-holder-posten-pakker\/\" \/>\n<meta property=\"og:locale\" content=\"nn_NO\" \/>\n<meta property=\"og:type\" content=\"article\" \/>\n<meta property=\"og:title\" content=\"hvor lenge holder posten pakker? - BilligPakke.no\" \/>\n<meta property=\"og:description\" content=\"Posten pakker kan holde i flere dager, avhengig av innhold og forsendelsesm\u00e5te. Noen pakker kan holde i opptil en uke, mens andre b\u00f8r hentes raskere.\" \/>\n<meta property=\"og:url\" content=\"https:\/\/billigpakke.no\/blog\/hvor-lenge-holder-posten-pakker\/\" \/>\n<meta property=\"og:site_name\" content=\"BilligPakke.no\" \/>\n<meta property=\"article:modified_time\" content=\"2024-05-05T08:23:08+00:00\" \/>\n<meta name=\"twitter:card\" content=\"summary_large_image\" \/>\n<meta name=\"twitter:label1\" content=\"Est. reading time\" \/>\n\t<meta name=\"twitter:data1\" content=\"1 minutt\" \/>\n<script type=\"application\/ld+json\" class=\"yoast-schema-graph\">{\"@context\":\"https:\\\/\\\/schema.org\",\"@graph\":[{\"@type\":\"WebPage\",\"@id\":\"https:\\\/\\\/billigpakke.no\\\/blog\\\/hvor-lenge-holder-posten-pakker\\\/\",\"url\":\"https:\\\/\\\/billigpakke.no\\\/blog\\\/hvor-lenge-holder-posten-pakker\\\/\",\"name\":\"hvor lenge holder posten pakker? - BilligPakke.no\",\"isPartOf\":{\"@id\":\"https:\\\/\\\/billigpakke.no\\\/blog\\\/#website\"},\"datePublished\":\"2024-05-05T06:27:20+00:00\",\"dateModified\":\"2024-05-05T08:23:08+00:00\",\"description\":\"Posten pakker kan holde i flere dager, avhengig av innhold og forsendelsesm\u00e5te. Noen pakker kan holde i opptil en uke, mens andre b\u00f8r hentes raskere.\",\"breadcrumb\":{\"@id\":\"https:\\\/\\\/billigpakke.no\\\/blog\\\/hvor-lenge-holder-posten-pakker\\\/#breadcrumb\"},\"inLanguage\":\"nn-NO\",\"potentialAction\":[{\"@type\":\"ReadAction\",\"target\":[\"https:\\\/\\\/billigpakke.no\\\/blog\\\/hvor-lenge-holder-posten-pakker\\\/\"]}]},{\"@type\":\"BreadcrumbList\",\"@id\":\"https:\\\/\\\/billigpakke.no\\\/blog\\\/hvor-lenge-holder-posten-pakker\\\/#breadcrumb\",\"itemListElement\":[{\"@type\":\"ListItem\",\"position\":1,\"name\":\"Home\",\"item\":\"https:\\\/\\\/billigpakke.no\\\/blog\\\/\"},{\"@type\":\"ListItem\",\"position\":2,\"name\":\"hvor lenge holder posten pakker?\"}]},{\"@type\":\"WebSite\",\"@id\":\"https:\\\/\\\/billigpakke.no\\\/blog\\\/#website\",\"url\":\"https:\\\/\\\/billigpakke.no\\\/blog\\\/\",\"name\":\"BilligPakke.no\",\"description\":\"Billigpakke.no Blog\",\"publisher\":{\"@id\":\"https:\\\/\\\/billigpakke.no\\\/blog\\\/#organization\"},\"potentialAction\":[{\"@type\":\"SearchAction\",\"target\":{\"@type\":\"EntryPoint\",\"urlTemplate\":\"https:\\\/\\\/billigpakke.no\\\/blog\\\/?s={search_term_string}\"},\"query-input\":{\"@type\":\"PropertyValueSpecification\",\"valueRequired\":true,\"valueName\":\"search_term_string\"}}],\"inLanguage\":\"nn-NO\"},{\"@type\":\"Organization\",\"@id\":\"https:\\\/\\\/billigpakke.no\\\/blog\\\/#organization\",\"name\":\"BilligPakke.no\",\"url\":\"https:\\\/\\\/billigpakke.no\\\/blog\\\/\",\"logo\":{\"@type\":\"ImageObject\",\"inLanguage\":\"nn-NO\",\"@id\":\"https:\\\/\\\/billigpakke.no\\\/blog\\\/#\\\/schema\\\/logo\\\/image\\\/\",\"url\":\"https:\\\/\\\/billigpakke.no\\\/blog\\\/wp-content\\\/uploads\\\/2016\\\/10\\\/logo.png\",\"contentUrl\":\"https:\\\/\\\/billigpakke.no\\\/blog\\\/wp-content\\\/uploads\\\/2016\\\/10\\\/logo.png\",\"width\":185,\"height\":71,\"caption\":\"BilligPakke.no\"},\"image\":{\"@id\":\"https:\\\/\\\/billigpakke.no\\\/blog\\\/#\\\/schema\\\/logo\\\/image\\\/\"}}]}<\/script>\n<!-- \/ Yoast SEO plugin. -->","yoast_head_json":{"title":"hvor lenge holder posten pakker? - BilligPakke.no","description":"Posten pakker kan holde i flere dager, avhengig av innhold og forsendelsesm\u00e5te. Noen pakker kan holde i opptil en uke, mens andre b\u00f8r hentes raskere.","robots":{"index":"index","follow":"follow","max-snippet":"max-snippet:-1","max-image-preview":"max-image-preview:large","max-video-preview":"max-video-preview:-1"},"canonical":"https:\/\/billigpakke.no\/blog\/hvor-lenge-holder-posten-pakker\/","og_locale":"nn_NO","og_type":"article","og_title":"hvor lenge holder posten pakker? - BilligPakke.no","og_description":"Posten pakker kan holde i flere dager, avhengig av innhold og forsendelsesm\u00e5te. Noen pakker kan holde i opptil en uke, mens andre b\u00f8r hentes raskere.","og_url":"https:\/\/billigpakke.no\/blog\/hvor-lenge-holder-posten-pakker\/","og_site_name":"BilligPakke.no","article_modified_time":"2024-05-05T08:23:08+00:00","twitter_card":"summary_large_image","twitter_misc":{"Est. reading time":"1 minutt"},"schema":{"@context":"https:\/\/schema.org","@graph":[{"@type":"WebPage","@id":"https:\/\/billigpakke.no\/blog\/hvor-lenge-holder-posten-pakker\/","url":"https:\/\/billigpakke.no\/blog\/hvor-lenge-holder-posten-pakker\/","name":"hvor lenge holder posten pakker? - BilligPakke.no","isPartOf":{"@id":"https:\/\/billigpakke.no\/blog\/#website"},"datePublished":"2024-05-05T06:27:20+00:00","dateModified":"2024-05-05T08:23:08+00:00","description":"Posten pakker kan holde i flere dager, avhengig av innhold og forsendelsesm\u00e5te. Noen pakker kan holde i opptil en uke, mens andre b\u00f8r hentes raskere.","breadcrumb":{"@id":"https:\/\/billigpakke.no\/blog\/hvor-lenge-holder-posten-pakker\/#breadcrumb"},"inLanguage":"nn-NO","potentialAction":[{"@type":"ReadAction","target":["https:\/\/billigpakke.no\/blog\/hvor-lenge-holder-posten-pakker\/"]}]},{"@type":"BreadcrumbList","@id":"https:\/\/billigpakke.no\/blog\/hvor-lenge-holder-posten-pakker\/#breadcrumb","itemListElement":[{"@type":"ListItem","position":1,"name":"Home","item":"https:\/\/billigpakke.no\/blog\/"},{"@type":"ListItem","position":2,"name":"hvor lenge holder posten pakker?"}]},{"@type":"WebSite","@id":"https:\/\/billigpakke.no\/blog\/#website","url":"https:\/\/billigpakke.no\/blog\/","name":"BilligPakke.no","description":"Billigpakke.no Blog","publisher":{"@id":"https:\/\/billigpakke.no\/blog\/#organization"},"potentialAction":[{"@type":"SearchAction","target":{"@type":"EntryPoint","urlTemplate":"https:\/\/billigpakke.no\/blog\/?s={search_term_string}"},"query-input":{"@type":"PropertyValueSpecification","valueRequired":true,"valueName":"search_term_string"}}],"inLanguage":"nn-NO"},{"@type":"Organization","@id":"https:\/\/billigpakke.no\/blog\/#organization","name":"BilligPakke.no","url":"https:\/\/billigpakke.no\/blog\/","logo":{"@type":"ImageObject","inLanguage":"nn-NO","@id":"https:\/\/billigpakke.no\/blog\/#\/schema\/logo\/image\/","url":"https:\/\/billigpakke.no\/blog\/wp-content\/uploads\/2016\/10\/logo.png","contentUrl":"https:\/\/billigpakke.no\/blog\/wp-content\/uploads\/2016\/10\/logo.png","width":185,"height":71,"caption":"BilligPakke.no"},"image":{"@id":"https:\/\/billigpakke.no\/blog\/#\/schema\/logo\/image\/"}}]}},"_links":{"self":[{"href":"https:\/\/billigpakke.no\/blog\/wp-json\/wp\/v2\/pages\/691","targetHints":{"allow":["GET"]}}],"collection":[{"href":"https:\/\/billigpakke.no\/blog\/wp-json\/wp\/v2\/pages"}],"about":[{"href":"https:\/\/billigpakke.no\/blog\/wp-json\/wp\/v2\/types\/page"}],"author":[{"embeddable":true,"href":"https:\/\/billigpakke.no\/blog\/wp-json\/wp\/v2\/users\/3"}],"replies":[{"embeddable":true,"href":"https:\/\/billigpakke.no\/blog\/wp-json\/wp\/v2\/comments?post=691"}],"version-history":[{"count":2,"href":"https:\/\/billigpakke.no\/blog\/wp-json\/wp\/v2\/pages\/691\/revisions"}],"predecessor-version":[{"id":1396,"href":"https:\/\/billigpakke.no\/blog\/wp-json\/wp\/v2\/pages\/691\/revisions\/1396"}],"wp:attachment":[{"href":"https:\/\/billigpakke.no\/blog\/wp-json\/wp\/v2\/media?parent=691"}],"curies":[{"name":"wp","href":"https:\/\/api.w.org\/{rel}","templated":true}]}}