{"id":689,"date":"2024-05-05T09:23:08","date_gmt":"2024-05-05T06:27:20","guid":{"rendered":"https:\/\/billigpakke.no\/blog\/hva-koster-det-a-sende-pakke-i-oppkrav\/"},"modified":"2024-05-05T09:23:08","modified_gmt":"2024-05-05T08:23:08","slug":"hva-koster-det-a-sende-pakke-i-oppkrav","status":"publish","type":"page","link":"https:\/\/billigpakke.no\/blog\/hva-koster-det-a-sende-pakke-i-oppkrav\/","title":{"rendered":"hva koster det \u00e5 sende pakke i oppkrav?"},"content":{"rendered":"\n<p class=\"has-text-align-center\">Det koster vanligvis rundt 150-200 kroner \u00e5 sende en pakke i oppkrav i Norge, avhengig av vekten og st\u00f8rrelsen p\u00e5 pakken. Posten og andre fraktselskaper har ulike priser, s\u00e5 det kan v\u00e6re lurt \u00e5 sjekke priser hos flere akt\u00f8rer f\u00f8r man sender pakken.<\/p>\n\n\n\n<div class=\"wp-block-buttons is-content-justification-center is-layout-flex wp-container-core-buttons-is-layout-16018d1d wp-block-buttons-is-layout-flex\">\n<div class=\"wp-block-button is-style-outline is-style-outline--1\"><a class=\"wp-block-button__link has-dark-gray-color has-yellow-background-color has-text-color has-background has-link-color wp-element-button\" href=\"https:\/\/billigpakke.no\">send pakkene dine billig her<\/a><\/div>\n<\/div>\n\n\n\n<p><\/p>\n\n\n\n<p class=\"has-text-align-center\">1. Hva koster det \u00e5 sende en pakke i oppkrav innenlands i Norge?<br \/>Svar: Prisen for \u00e5 sende en pakke i oppkrav innenlands i Norge avhenger av vekten og verdien p\u00e5 pakken. Posten tilbyr ulike prispakker basert p\u00e5 vektklassen og verdien p\u00e5 pakken.<br \/><br \/>2. Hva er maksimal vekt og st\u00f8rrelse for en pakke som kan sendes i oppkrav i Norge?<br \/>Svar: Maksimal vekt for en pakke som kan sendes i oppkrav med Posten i Norge er 35 kg. Pakken kan ikke v\u00e6re st\u00f8rre enn 300 cm i lengde og omkrets til sammen.<br \/><br \/>3. Hvilke betalingsm\u00e5ter aksepteres for oppkravspakker i Norge?<br \/>Svar: Ved mottak av en oppkravspakke i Norge kan mottakeren betale med kontanter eller med bankkort. Det er ogs\u00e5 mulig \u00e5 betale med Vipps eller med betalingskort via Postens nettside.<\/p>\n","protected":false},"excerpt":{"rendered":"<p>Det koster vanligvis rundt 150-200 kroner \u00e5 sende en pakke i oppkrav i Norge, avhengig av vekten og st\u00f8rrelsen p\u00e5 pakken. Posten og andre fraktselskaper har ulike priser, s\u00e5 det kan v\u00e6re lurt \u00e5 sjekke priser hos flere akt\u00f8rer f\u00f8r man sender pakken. 1. Hva koster det \u00e5 sende en pakke i oppkrav innenlands i &hellip; <a href=\"https:\/\/billigpakke.no\/blog\/hva-koster-det-a-sende-pakke-i-oppkrav\/\" class=\"more-link\">Hald fram med \u00e5 lese<span class=\"screen-reader-text\"> \u00abhva koster det \u00e5 sende pakke i oppkrav?\u00bb<\/span><\/a><\/p>\n","protected":false},"author":3,"featured_media":0,"parent":0,"menu_order":0,"comment_status":"closed","ping_status":"closed","template":"","meta":{"footnotes":""},"class_list":["post-689","page","type-page","status-publish","hentry"],"yoast_head":"<!-- This site is optimized with the Yoast SEO plugin v27.5 - https:\/\/yoast.com\/product\/yoast-seo-wordpress\/ -->\n<title>hva koster det \u00e5 sende pakke i oppkrav? - BilligPakke.no<\/title>\n<meta name=\"description\" content=\"\u00c5 sende en pakke i oppkrav koster vanligvis litt mer enn vanlig frakt, da det er en ekstra tjeneste som tilbys av posttjenesten. Prisen avhenger av vekten og verdien p\u00e5 pakken, samt hvilket fraktselskap man velger \u00e5 benytte seg av.\" \/>\n<meta name=\"robots\" content=\"index, follow, max-snippet:-1, max-image-preview:large, max-video-preview:-1\" \/>\n<link rel=\"canonical\" href=\"https:\/\/billigpakke.no\/blog\/hva-koster-det-a-sende-pakke-i-oppkrav\/\" \/>\n<meta property=\"og:locale\" content=\"nn_NO\" \/>\n<meta property=\"og:type\" content=\"article\" \/>\n<meta property=\"og:title\" content=\"hva koster det \u00e5 sende pakke i oppkrav? - BilligPakke.no\" \/>\n<meta property=\"og:description\" content=\"\u00c5 sende en pakke i oppkrav koster vanligvis litt mer enn vanlig frakt, da det er en ekstra tjeneste som tilbys av posttjenesten. Prisen avhenger av vekten og verdien p\u00e5 pakken, samt hvilket fraktselskap man velger \u00e5 benytte seg av.\" \/>\n<meta property=\"og:url\" content=\"https:\/\/billigpakke.no\/blog\/hva-koster-det-a-sende-pakke-i-oppkrav\/\" \/>\n<meta property=\"og:site_name\" content=\"BilligPakke.no\" \/>\n<meta property=\"article:modified_time\" content=\"2024-05-05T08:23:08+00:00\" \/>\n<meta name=\"twitter:card\" content=\"summary_large_image\" \/>\n<meta name=\"twitter:label1\" content=\"Est. reading time\" \/>\n\t<meta name=\"twitter:data1\" content=\"1 minutt\" \/>\n<script type=\"application\/ld+json\" class=\"yoast-schema-graph\">{\"@context\":\"https:\\\/\\\/schema.org\",\"@graph\":[{\"@type\":\"WebPage\",\"@id\":\"https:\\\/\\\/billigpakke.no\\\/blog\\\/hva-koster-det-a-sende-pakke-i-oppkrav\\\/\",\"url\":\"https:\\\/\\\/billigpakke.no\\\/blog\\\/hva-koster-det-a-sende-pakke-i-oppkrav\\\/\",\"name\":\"hva koster det \u00e5 sende pakke i oppkrav? - BilligPakke.no\",\"isPartOf\":{\"@id\":\"https:\\\/\\\/billigpakke.no\\\/blog\\\/#website\"},\"datePublished\":\"2024-05-05T06:27:20+00:00\",\"dateModified\":\"2024-05-05T08:23:08+00:00\",\"description\":\"\u00c5 sende en pakke i oppkrav koster vanligvis litt mer enn vanlig frakt, da det er en ekstra tjeneste som tilbys av posttjenesten. Prisen avhenger av vekten og verdien p\u00e5 pakken, samt hvilket fraktselskap man velger \u00e5 benytte seg av.\",\"breadcrumb\":{\"@id\":\"https:\\\/\\\/billigpakke.no\\\/blog\\\/hva-koster-det-a-sende-pakke-i-oppkrav\\\/#breadcrumb\"},\"inLanguage\":\"nn-NO\",\"potentialAction\":[{\"@type\":\"ReadAction\",\"target\":[\"https:\\\/\\\/billigpakke.no\\\/blog\\\/hva-koster-det-a-sende-pakke-i-oppkrav\\\/\"]}]},{\"@type\":\"BreadcrumbList\",\"@id\":\"https:\\\/\\\/billigpakke.no\\\/blog\\\/hva-koster-det-a-sende-pakke-i-oppkrav\\\/#breadcrumb\",\"itemListElement\":[{\"@type\":\"ListItem\",\"position\":1,\"name\":\"Home\",\"item\":\"https:\\\/\\\/billigpakke.no\\\/blog\\\/\"},{\"@type\":\"ListItem\",\"position\":2,\"name\":\"hva koster det \u00e5 sende pakke i oppkrav?\"}]},{\"@type\":\"WebSite\",\"@id\":\"https:\\\/\\\/billigpakke.no\\\/blog\\\/#website\",\"url\":\"https:\\\/\\\/billigpakke.no\\\/blog\\\/\",\"name\":\"BilligPakke.no\",\"description\":\"Billigpakke.no Blog\",\"publisher\":{\"@id\":\"https:\\\/\\\/billigpakke.no\\\/blog\\\/#organization\"},\"potentialAction\":[{\"@type\":\"SearchAction\",\"target\":{\"@type\":\"EntryPoint\",\"urlTemplate\":\"https:\\\/\\\/billigpakke.no\\\/blog\\\/?s={search_term_string}\"},\"query-input\":{\"@type\":\"PropertyValueSpecification\",\"valueRequired\":true,\"valueName\":\"search_term_string\"}}],\"inLanguage\":\"nn-NO\"},{\"@type\":\"Organization\",\"@id\":\"https:\\\/\\\/billigpakke.no\\\/blog\\\/#organization\",\"name\":\"BilligPakke.no\",\"url\":\"https:\\\/\\\/billigpakke.no\\\/blog\\\/\",\"logo\":{\"@type\":\"ImageObject\",\"inLanguage\":\"nn-NO\",\"@id\":\"https:\\\/\\\/billigpakke.no\\\/blog\\\/#\\\/schema\\\/logo\\\/image\\\/\",\"url\":\"https:\\\/\\\/billigpakke.no\\\/blog\\\/wp-content\\\/uploads\\\/2016\\\/10\\\/logo.png\",\"contentUrl\":\"https:\\\/\\\/billigpakke.no\\\/blog\\\/wp-content\\\/uploads\\\/2016\\\/10\\\/logo.png\",\"width\":185,\"height\":71,\"caption\":\"BilligPakke.no\"},\"image\":{\"@id\":\"https:\\\/\\\/billigpakke.no\\\/blog\\\/#\\\/schema\\\/logo\\\/image\\\/\"}}]}<\/script>\n<!-- \/ Yoast SEO plugin. -->","yoast_head_json":{"title":"hva koster det \u00e5 sende pakke i oppkrav? - BilligPakke.no","description":"\u00c5 sende en pakke i oppkrav koster vanligvis litt mer enn vanlig frakt, da det er en ekstra tjeneste som tilbys av posttjenesten. Prisen avhenger av vekten og verdien p\u00e5 pakken, samt hvilket fraktselskap man velger \u00e5 benytte seg av.","robots":{"index":"index","follow":"follow","max-snippet":"max-snippet:-1","max-image-preview":"max-image-preview:large","max-video-preview":"max-video-preview:-1"},"canonical":"https:\/\/billigpakke.no\/blog\/hva-koster-det-a-sende-pakke-i-oppkrav\/","og_locale":"nn_NO","og_type":"article","og_title":"hva koster det \u00e5 sende pakke i oppkrav? - BilligPakke.no","og_description":"\u00c5 sende en pakke i oppkrav koster vanligvis litt mer enn vanlig frakt, da det er en ekstra tjeneste som tilbys av posttjenesten. Prisen avhenger av vekten og verdien p\u00e5 pakken, samt hvilket fraktselskap man velger \u00e5 benytte seg av.","og_url":"https:\/\/billigpakke.no\/blog\/hva-koster-det-a-sende-pakke-i-oppkrav\/","og_site_name":"BilligPakke.no","article_modified_time":"2024-05-05T08:23:08+00:00","twitter_card":"summary_large_image","twitter_misc":{"Est. reading time":"1 minutt"},"schema":{"@context":"https:\/\/schema.org","@graph":[{"@type":"WebPage","@id":"https:\/\/billigpakke.no\/blog\/hva-koster-det-a-sende-pakke-i-oppkrav\/","url":"https:\/\/billigpakke.no\/blog\/hva-koster-det-a-sende-pakke-i-oppkrav\/","name":"hva koster det \u00e5 sende pakke i oppkrav? - BilligPakke.no","isPartOf":{"@id":"https:\/\/billigpakke.no\/blog\/#website"},"datePublished":"2024-05-05T06:27:20+00:00","dateModified":"2024-05-05T08:23:08+00:00","description":"\u00c5 sende en pakke i oppkrav koster vanligvis litt mer enn vanlig frakt, da det er en ekstra tjeneste som tilbys av posttjenesten. Prisen avhenger av vekten og verdien p\u00e5 pakken, samt hvilket fraktselskap man velger \u00e5 benytte seg av.","breadcrumb":{"@id":"https:\/\/billigpakke.no\/blog\/hva-koster-det-a-sende-pakke-i-oppkrav\/#breadcrumb"},"inLanguage":"nn-NO","potentialAction":[{"@type":"ReadAction","target":["https:\/\/billigpakke.no\/blog\/hva-koster-det-a-sende-pakke-i-oppkrav\/"]}]},{"@type":"BreadcrumbList","@id":"https:\/\/billigpakke.no\/blog\/hva-koster-det-a-sende-pakke-i-oppkrav\/#breadcrumb","itemListElement":[{"@type":"ListItem","position":1,"name":"Home","item":"https:\/\/billigpakke.no\/blog\/"},{"@type":"ListItem","position":2,"name":"hva koster det \u00e5 sende pakke i oppkrav?"}]},{"@type":"WebSite","@id":"https:\/\/billigpakke.no\/blog\/#website","url":"https:\/\/billigpakke.no\/blog\/","name":"BilligPakke.no","description":"Billigpakke.no Blog","publisher":{"@id":"https:\/\/billigpakke.no\/blog\/#organization"},"potentialAction":[{"@type":"SearchAction","target":{"@type":"EntryPoint","urlTemplate":"https:\/\/billigpakke.no\/blog\/?s={search_term_string}"},"query-input":{"@type":"PropertyValueSpecification","valueRequired":true,"valueName":"search_term_string"}}],"inLanguage":"nn-NO"},{"@type":"Organization","@id":"https:\/\/billigpakke.no\/blog\/#organization","name":"BilligPakke.no","url":"https:\/\/billigpakke.no\/blog\/","logo":{"@type":"ImageObject","inLanguage":"nn-NO","@id":"https:\/\/billigpakke.no\/blog\/#\/schema\/logo\/image\/","url":"https:\/\/billigpakke.no\/blog\/wp-content\/uploads\/2016\/10\/logo.png","contentUrl":"https:\/\/billigpakke.no\/blog\/wp-content\/uploads\/2016\/10\/logo.png","width":185,"height":71,"caption":"BilligPakke.no"},"image":{"@id":"https:\/\/billigpakke.no\/blog\/#\/schema\/logo\/image\/"}}]}},"_links":{"self":[{"href":"https:\/\/billigpakke.no\/blog\/wp-json\/wp\/v2\/pages\/689","targetHints":{"allow":["GET"]}}],"collection":[{"href":"https:\/\/billigpakke.no\/blog\/wp-json\/wp\/v2\/pages"}],"about":[{"href":"https:\/\/billigpakke.no\/blog\/wp-json\/wp\/v2\/types\/page"}],"author":[{"embeddable":true,"href":"https:\/\/billigpakke.no\/blog\/wp-json\/wp\/v2\/users\/3"}],"replies":[{"embeddable":true,"href":"https:\/\/billigpakke.no\/blog\/wp-json\/wp\/v2\/comments?post=689"}],"version-history":[{"count":2,"href":"https:\/\/billigpakke.no\/blog\/wp-json\/wp\/v2\/pages\/689\/revisions"}],"predecessor-version":[{"id":1394,"href":"https:\/\/billigpakke.no\/blog\/wp-json\/wp\/v2\/pages\/689\/revisions\/1394"}],"wp:attachment":[{"href":"https:\/\/billigpakke.no\/blog\/wp-json\/wp\/v2\/media?parent=689"}],"curies":[{"name":"wp","href":"https:\/\/api.w.org\/{rel}","templated":true}]}}